 Suppose -4 = 4*k - 3*k, -29 = -5*f - 4*k. Suppose 0 = 5*j - f - 26. What is the highest common factor of j and y?
7
Suppose 0 = -4*l + 57 - 21. What is the highest common factor of 63 and l?
9
Suppose -8*s = -196 + 36. Calculate the greatest common divisor of s and 5.
5
Let l = 184 + -277. Let h be -3 + 0 + 0 - l. What is the greatest common divisor of 10 and h?
10
Suppose z - 5 = -2*j - 3, 0 = j - 2*z + 4. Suppose j = -0*x - 2*x. Suppose 5*g = 35 - x. Calculate the greatest common divisor of 7 and g.
7
Suppose -27 = -3*y - 6. Let u be 3 + -1 + 173/1. Suppose -12*k - u = -17*k. Calculate the highest common factor of k and y.
7
Let u(s) = 2*s + 21. Let l be u(-8). Calculate the highest common factor of l and 20.
5
Let f = -14 + 16. Suppose -m - f*k = -11, -1 + 0 = m - 2*k. Calculate the greatest common divisor of 5 and m.
5
Let g(o) = -o**3 - 4*o**2 + 5*o + 2. Let s be g(-5). Let v be (-3)/(9/114) - s. Let m = 75 + v. Calculate the highest common factor of 5 and m.
5
Suppose 0*h - 5*h = -80. Suppose 0 = 4*t - 56 + h. Calculate the greatest common factor of 110 and t.
10
Let r(v) = 1 - v - 2 + 8. Let o(l) = l - 7. Let c(z) = 2*o(z) + 3*r(z). Let f be c(5). Calculate the highest common divisor of 4 and f.
2
Suppose -5*z + o + 46 = 0, -3*o = 2*o + 5. Let i = z - -6. What is the highest common divisor of 165 and i?
15
Suppose 0*v - 2*v + 12 = 0. Let m be (-45)/v*(-8)/6. What is the highest common factor of 5 and m?
5
Let k(z) = -z - 1. Let y be k(-4). Suppose -4 = 2*c - y*c. Calculate the greatest common factor of 4 and c.
4
Let a be (110/(-3))/((-24)/36). Calculate the highest common factor of 385 and a.
55
Suppose 3*c - 35 = -23. Let y(v) = 2*v + 3. Let p be y(c). Calculate the highest common factor of p and 55.
11
Suppose -396 = -0*t - 4*t. Let a be (0 - 1) + 2 + t. What is the highest common factor of a and 20?
20
Suppose -168 - 48 = -12*i. Calculate the greatest common factor of i and 45.
9
Suppose -31 = 9*i - 8*i. Let w = -25 - i. Calculate the greatest common divisor of 12 and w.
6
Let y be 11/(-4) - 2/8. Let o = y + 6. Let u(k) = 2*k**2 - 3*k. Let g be u(o). What is the highest common divisor of g and 72?
9
Let s(x) = x**2 + 12*x + 30. Let k be s(-10). Let f be (15/4)/((-6)/(-16)). What is the greatest common factor of k and f?
10
Let u(t) = -t**2 + 2*t + 168. Let r be u(0). Calculate the highest common divisor of r and 42.
42
Suppose 12 - 37 = -5*z. Suppose -z*t + 6*t = 0. Suppose t = 2*u - 157 + 7. Calculate the highest common divisor of u and 15.
15
Let z(r) = -r**2 - 36*r + 10. Let f be z(-28). What is the greatest common divisor of 26 and f?
26
Let n(d) = -d**2 - 4 + 0*d**2 + 11*d + 7*d - 12*d. Suppose -6 = -j + q, 0 = -3*j + 4*q + 25 - 6. Let l be n(j). What is the highest common factor of l and 9?
1
Let h(c) = 7*c**2 + 1. Let d be h(3). Let z(w) = w + 4. Let r be z(4). Calculate the highest common factor of r and d.
8
Suppose 39 = 4*p - 9. Let y(i) = 19*i - 2 - 8*i - 1 + 6*i. Let z be y(3). What is the greatest common divisor of p and z?
12
Suppose 25 = -3*w + 8*w. Let x(m) = -5 + 4 + m - 3 + 2. Let z be x(w). Calculate the highest common factor of 12 and z.
3
Let t(v) = -v**3 - v**2 + 4*v + 4. Let f be t(-5). Let l = -59 + f. Let y = -19 - -29. What is the greatest common factor of y and l?
5
Suppose 4*n = 28 + 36. Calculate the highest common factor of n and 104.
8
Let q be (-81)/18*(-5 - -1). Suppose 3*o - 39 = 3*v, -o + 2*o + 2*v - 1 = 0. Calculate the highest common divisor of q and o.
9
Suppose 2*l = 3*b - 3*l + 7, 3*l = -5*b + 45. Calculate the highest common factor of b and 54.
6
Let f be 1 + 1 + 1 + -1. Suppose -7 = -2*b - 3. Let g = f + b. Calculate the greatest common factor of 4 and g.
4
Let i = 31 + 113. Let j be (0/(-1))/(1/1). Suppose j*n - n + 16 = 0. What is the highest common divisor of n and i?
16
Let z be 1*4 - (-264)/12. Calculate the greatest common divisor of 39 and z.
13
Let j(g) = -g - 10. Let w be j(9). Let f = w + 61. What is the highest common factor of f and 28?
14
Suppose -5 = -4*w + 19. Calculate the greatest common divisor of 2 and w.
2
Let b(u) = 7*u**2 - 2*u + 1. Let x be b(-2). Let h = -21 + 43. Calculate the highest common divisor of h and x.
11
Let p(a) = -a**2 - 5*a + 10. Let i be p(-8). Let s be (22/(-4))/(7/i). Calculate the greatest common divisor of s and 22.
11
Suppose u = 4 + 10. Let i = -9 + u. Calculate the greatest common divisor of 1 and i.
1
Let s(p) be the second derivative of p**4/12 - 5*p**3/3 - 7*p**2/2 - p. Let l be s(11). What is the highest common divisor of 44 and l?
4
Let j(g) = -g**2 + 9*g + 9. Let p be j(8). Suppose 2*s - p - 7 = 0. Let n = -15 - -63. Calculate the highest common factor of n and s.
12
Suppose 4*u - 4*w = 16, 3*u - 2*w - 3 = 2*u. Let q(z) = 2*z**2 - 8*z + 3. Let o be q(-3). Calculate the highest common divisor of o and u.
5
Suppose 0 = -63*g + 67*g - 64. What is the greatest common divisor of g and 144?
16
Let m = -3 + 11. What is the greatest common divisor of 16 and m?
8
Suppose -u + 3 + 16 = 0. Suppose 0 = 4*f - i + 4*i - 365, 0 = -4*f - 5*i + 355. Calculate the greatest common divisor of u and f.
19
Let u(z) = -7*z - 8. Let q be u(-11). Let o = q + -46. Calculate the highest common divisor of 69 and o.
23
Let n = -8 + 1. Let d(z) = -3*z + 7. Let c be d(n). Let u = -110 - -180. What is the highest common factor of c and u?
14
Let w be 5/(-1 - 4) - (-240)/2. Calculate the highest common divisor of w and 7.
7
Let b = -45 + 88. Let s = b + -7. Let a be 5/1 + 0 + -1. What is the greatest common factor of s and a?
4
Let o = 42 + 156. Suppose -3*g + 297 = 4*x, -g - g - 5*x + o = 0. Let b be (-7 - -1)*6/(-4). Calculate the highest common factor of b and g.
9
Let p(g) = -g**2 - 4*g + 1. Let o be p(-2). Suppose 3*q - 69 = 6. Suppose 0*m + q = 5*m. What is the highest common divisor of m and o?
5
Suppose -2*f = f - w - 375, 4*f - w = 501. Let y be 4/(-10) - f/(-90). What is the greatest common divisor of 7 and y?
1
Suppose 3*g - 336 = 39. Calculate the highest common factor of 25 and g.
25
Let b(p) = p**2 - 2*p - 4. Let w be b(-3). What is the highest common factor of w and 99?
11
Let c = 42 + -38. What is the greatest common divisor of c and 2?
2
Let x(q) = q**3 + 6*q**2 + q - 4. Let w(c) = c**2 + 8*c + 11. Let u be w(-5). Let b be x(u). What is the highest common factor of 24 and b?
24
Let n be -6*(-4)/(-36) - 58/(-6). Let b be (-52)/(-9) + 2/9. Calculate the greatest common divisor of n and b.
3
Let n = 184 - 124. What is the greatest common divisor of n and 12?
12
Let g be 0 + (16 - (1 + -1)). Let j be (2/(-2) - 1)/(-1). Calculate the greatest common factor of j and g.
2
Suppose -2*l = -7*l + 3*f + 47, 5*f = 2*l - 34. Suppose -3*o = -26 - l. Calculate the highest common divisor of 99 and o.
11
Let l(y) = 40*y**2. Let c be l(1). Suppose 40 = 5*r + 2*h + 2*h, 0 = 5*r + 5*h - c. Calculate the greatest common factor of 88 and r.
8
Let r be (-1010)/(-6) - (-2)/(-6). Suppose 0 = -2*n - s + 4*s + 54, 3*n - s - 67 = 0. What is the greatest common divisor of r and n?
21
Suppose -40 = a - 5*a. Let l(g) = -g**3 - 6*g**2 + 4*g - 3. Let i be l(-7). Let c be (-12)/i + 8/3. What is the highest common factor of a and c?
2
Let h = -22 + 33. What is the greatest common divisor of h and 22?
11
Let w = 104 - 36. What is the highest common factor of w and 17?
17
Let c(a) = -a - 9. Suppose 0 = -3*w - 36 + 12. Let v be c(w). Let k(s) = 9*s**2 - s - 1. Let g be k(v). What is the highest common factor of 90 and g?
9
Suppose n - 2*i - 18 = 0, -3*n = -2*n - 5*i - 30. Let u = n - -4. Let a = 1 - -1. Calculate the greatest common factor of a and u.
2
Suppose -3*g = -5*k + 117, 4*k + 2*g + g - 72 = 0. Let n be (-2)/(-1 + k/27). Calculate the greatest common divisor of n and 45.
9
Suppose 3*g - 27 = -3*f, 0 = -2*g - 0*g + f + 9. Let s(v) = 10*v + 3. Let q be s(g). What is the highest common factor of q and 9?
9
Let x = 2 + 1. Suppose -46 = r + 4*f, -x*r - 105 = -r - 5*f. Let b be (0 - 2)/(4/r). Calculate the highest common divisor of 5 and b.
5
Suppose 3*q = 4*p + 7, 21 = p - 3*p + 5*q. Calculate the highest common factor of 22 and p.
2
Let y be (8/(-14))/(2/(-14)). Suppose 0*u - 4*u = -144. What is the greatest common divisor of u and y?
4
Suppose -2*c = 4*o - 330, o - 8*c = -10*c + 84